 = -25 + p. Let s be a(w). What is the greatest common divisor of s and 92?
23
Let r(d) = -d**3 + 6*d**2 + 18*d + 9. Let h = -4 - 47. Let s = 59 + h. Let q be r(s). What is the highest common divisor of 5 and q?
5
Let q = -34 + 38. Suppose q*r = 4*d + 688, 4*d = -r - 29 + 216. Suppose 7 = -7*v + r. Calculate the greatest common factor of v and 16.
8
Suppose 133*g + 16*g - 447 = 0. What is the highest common factor of 4101 and g?
3
Suppose 2*r + 37 = 387. Let w be ((-7)/2)/(-43 + 38 - (-18)/4). Calculate the highest common factor of w and r.
7
Suppose -6*q = -2*g - 30, -54 = -q - 4*g - 75. Calculate the greatest common factor of 97 and q.
1
Let c = -95 - -602. Suppose 2574 = 5*v - 30*x + 33*x, v - c = 2*x. Calculate the greatest common factor of v and 54.
27
Suppose -3*p - 810 = -k + 4738, 22141 = 4*k + 5*p. What is the greatest common factor of 764 and k?
191
Let t be (4/(-14))/(2/(-14)). Let a(j) = -4*j - 7 - 4*j**2 + 5 + 5*j**2 - 9. Let m be a(7). Calculate the highest common divisor of t and m.
2
Let g(x) = 3*x**2 - 10*x - 96. Let i(u) = 7*u**2 - 20*u - 191. Let p(h) = -13*g(h) + 6*i(h). Let c be p(-12). Calculate the highest common factor of 36 and c.
18
Let v be (-84)/(22 - (-21040)/(-956)). Calculate the greatest common factor of v and 84.
42
Let a be (-4)/(-8) + 149/(-2). Suppose -3*m = 5*c + 104, -5*m - 142 = -m + 5*c. Let u = m - a. Calculate the greatest common divisor of u and 4.
4
Suppose 4*f + 4*m = 2636, 39*m - 41*m = f - 662. What is the highest common factor of 697 and f?
41
Suppose 2*m = 4 + 4. Let c = -1582 + 1591. Suppose -c*q + 35 = -m*q. Calculate the highest common factor of q and 63.
7
Let h be (-8)/(-44) - (-4178)/11. Suppose h = 4*r + 5*n, -4*r + 323 = -3*n - 57. Let z = -5 + r. Calculate the greatest common factor of 30 and z.
30
Suppose -418 = -2*y + r, -6*y = -10*y + 5*r + 854. Calculate the greatest common divisor of 1339 and y.
103
Let g be 14*((-2)/12 + -2)/((-3)/27). Calculate the greatest common factor of g and 91.
91
Suppose -1806 + 530 = -g. Let q(s) = -6*s**2 + 262*s + 389. Let j be q(45). Calculate the greatest common factor of j and g.
29
Let n = 55 + -28. Suppose -n*h = 3*h - 390. Let i = 25 - -1. Calculate the greatest common divisor of h and i.
13
Let v = -137 - -137. Suppose v = 4*m - 224 + 36. What is the greatest common divisor of m and 94?
47
Let s = -2455 + 2462. What is the highest common factor of s and 4480?
7
Suppose 0 = -0*t - 4*t - 3*o - 772, 0 = 3*t + 5*o + 590. Let p = 191 + t. What is the greatest common factor of p and 9?
1
Let c be -1 + (4/(-6))/((-96)/2160). What is the highest common divisor of 9072 and c?
14
Suppose 0 = 5*f - j - 2267, f + 0*j - 442 = 4*j. Let g = f + -220. Calculate the greatest common divisor of g and 26.
26
Suppose 0 = 4*t - 3*s - 1674, -3*t - 4*s = -234 - 1059. What is the highest common divisor of t and 329?
47
Suppose -5 = -3*r + 7. Suppose -5*z + 3*c = -52, -4*c = -3*z - 9*c + r. Let v be (-546)/(-69) + (-140)/(-1610). Calculate the greatest common factor of v and z.
8
Suppose -25*r = -7*r. Suppose 5*l + r*l = 3*k + 105, -2*l + k + 41 = 0. Calculate the greatest common divisor of 198 and l.
18
Let w be (-288)/(-80)*((-80)/(-3) + 0). Let i = -89 + w. What is the greatest common factor of 84 and i?
7
Let t be (-8)/(-10)*(-25)/10. Let r be (-13)/(-26) + (-9)/t. Suppose r*l - 369 = 56. What is the highest common divisor of l and 34?
17
Let u = 3504 + -2538. What is the highest common factor of 42 and u?
42
Let t be (-18)/(-4)*-7*(-10)/105. Suppose 3*y = 5*p + 5*y + 491, -t*p - y = 295. Let q = p + 126. What is the greatest common factor of q and 9?
9
Suppose 2*s = -51 - 45. Let h = -40 - s. Let v = h - -2. What is the highest common divisor of 5 and v?
5
Suppose 9*v - 43 = -151. Let g be 0 - -1 - (v + -7). Calculate the greatest common divisor of g and 80.
20
Let f = -17865 + 17898. Calculate the highest common factor of 1837 and f.
11
Suppose -5430*j + 88020 = -5394*j. What is the greatest common divisor of j and 60?
15
Let j(u) = 18 + 6*u - 4*u + 5 + 31. Let b be j(-17). Calculate the greatest common factor of b and 100.
20
Let s be 4/16*0 + 70. Suppose 3 + 2 = 5*i. Let r = i - -6. What is the greatest common factor of s and r?
7
Let l = 38 - 36. Suppose 6*o - 196 = l*o. Suppose 517 = 4*z + o. What is the greatest common divisor of z and 13?
13
Let z(k) = 968*k**3 - 3*k**2 + 6*k - 24. Let m be z(3). What is the highest common divisor of 33 and m?
33
Let k = 26660 + -26142. What is the highest common divisor of k and 896?
14
Suppose 168 = -4*q - 428. Let x = 102 + q. Let m = 92 + x. What is the greatest common divisor of m and 18?
9
Let h(v) = -v**2 - 5*v + 26. Let d be h(-4). Suppose -5*k = 3*n + 913, -4*k = -2 - 2. Let c = n + 636. What is the highest common divisor of c and d?
30
Suppose 2 = -4*b + 10, -5*v - b = -97. Let d be ((-4)/(-6))/((-491920)/(-3397086) + (-1)/7). What is the highest common divisor of v and d?
19
Suppose 4*t = -4*r + 33576, 24881 = 3*r - 5*t - 333. Calculate the greatest common divisor of r and 78.
26
Let w(c) = c**2 - 25*c + 147. Let n be w(16). What is the greatest common divisor of n and 102?
3
Suppose -4*t - 7*i + 3363 = -8*i, -t = -5*i - 836. Calculate the greatest common factor of 116 and t.
29
Suppose 3*d + 237 + 66 = 0. Let w = d - -90. Let t(s) = s**2 + s - 26. Let j be t(w). What is the highest common factor of 63 and j?
21
Let x be (7 + 0)*((-24)/21 + 2). Let y(f) = 2*f**2 - 4*f - 7. Let v be y(x). Let a = -19 + v. Calculate the greatest common factor of 154 and a.
22
Let s be ((-33)/77 - (-2 - 60/(-7))) + 422. What is the greatest common divisor of 55 and s?
5
Let y be 94/(2*(-2 + 159/78)). What is the greatest common divisor of y and 1034?
94
Suppose -15 = -5*y, -8*y + 12*y + 248 = 5*l. What is the greatest common divisor of 3666 and l?
26
Suppose 3*k - 147 - 42 = 0. Let p be (8/20*62)/(1/5). Let m be (-18)/8*(p/(-6) - -2). What is the highest common factor of m and k?
21
Let l be 2/18 - (-7 + (-9880)/180). Calculate the highest common factor of 2 and l.
2
Suppose h - 22 = 2*v - h, -4*h + 30 = -2*v. Let n(f) = -4*f - 6. Let o be n(v). Let u be 689/21 - (-1164)/6111. What is the highest common factor of o and u?
11
Let j = 5410 + -5314. Calculate the highest common factor of 1376 and j.
32
Let x = 1962 + -1851. Calculate the highest common factor of 6 and x.
3
Suppose 9*d - 4*d - 40 = 0. Let r(y) = -y**3 - 15*y**2 + 368*y + 52. Let s be r(13). What is the greatest common divisor of s and d?
8
Let l be (10 - 14)/((-4)/2). Suppose 3*z = l*o + 892, 3*o - 17 = -5. What is the greatest common factor of z and 12?
12
Suppose 2*w + 1 = -5*f + 71, 0 = w - 2*f - 8. What is the greatest common factor of w and 580?
20
Suppose 89*b = 100*b - 275. Let t be ((-61)/3)/(5/(-15)). Suppose -c - b = -t. Calculate the greatest common factor of c and 36.
36
Let f(i) = -3*i**3 + 39*i**2 - 45*i**2 + 6 + 2*i**3 - 6*i + 7. Let x be f(-4). What is the greatest common factor of 85 and x?
5
Let z = 6 - -38. Suppose 0 = -52*o + 49*o. Suppose -47*y + 43*y + 5*a + 1252 = o, -5*a = -5*y + 1560. What is the greatest common divisor of y and z?
44
Suppose 79*p - 14901 - 11959 = 0. What is the greatest common divisor of 20 and p?
20
Let x be (-15 - -13)*(-1 - (-1 + 1)). Let l be x + 5 - 10/(-2). What is the highest common divisor of l and 16?
4
Suppose 30162 = 13*k + 7152. Calculate the greatest common factor of k and 120.
30
Let y(c) = 2*c**3 + 7*c**2 - 6*c - 5. Let n be y(-4). Suppose -4*v + 5*d + 1008 = 0, n*v - 6*v = 3*d - 756. Calculate the highest common divisor of v and 36.
36
Suppose -g - 1264 = 3*y, 8*y - 10*y - 861 = -3*g. Let t = 445 + y. Calculate the greatest common factor of t and 22.
22
Let n be (-1)/((-4 + 7)/(-3)) - -5. Let v(w) = 16*w - 88. Let x be v(n). What is the greatest common divisor of 104 and x?
8
Suppose -2*p + 893 = 317. Suppose -30*m = -27*m - 210. Let g be m/(-175) - 162/(-5). What is the highest common divisor of g and p?
32
Suppose 3*i - 2*j - 355 = -j, -5*j = -2*i + 254. Let q = 131 - i. Calculate the highest common divisor of 14 and q.
14
Let z(y) = y**3 - 6*y**2 - 2*y - 10. Let l be z(7). Suppose l = 7*b - 2*b. Suppose -b*x = 5*x - 420. Calculate the greatest common divisor of x and 63.
21
Let x(n) = n**3 - 2*n**2 - 23*n 